1 - 0) + 37 + -11.
16
Suppose 8*j + 3*w - 3 = 4*j, -j + 3*w + 12 = 0. Suppose 5*a = 5*x - 145, j*x + 5*a + 18 = 65. What is the remainder when x is divided by ((-8)/(-4))/(4/26)?
11
Suppose 2*q = -2*j - 2*q + 80, -j + q + 46 = 0. Calculate the remainder when j is divided by 12.
8
Let o = -994 - -1022. What is the remainder when o is divided by ((-2)/4)/((-1)/16)?
4
Let j(t) = 19*t**2 - t + 2. Let g be j(3). Suppose 0 = 4*p + 5*s - 94 - 41, 5*s = -5*p + g. Calculate the remainder when p is divided by 18.
17
Let h = -12 - -27. Suppose -5 = -s - 3, 3*m + 55 = 5*s. Let l = m + 23. Calculate the remainder when h is divided by l.
7
What is the remainder when 19 is divided by -1 + 3 + 5/1?
5
Suppose 40 + 28 = 4*c. Suppose -5*l + 97 = c. Calculate the remainder when 61 is divided by l.
13
Suppose 4*h + 16 = -5*s - 0*s, 0 = -3*h + s - 12. Let i = h + 10. Calculate the remainder when i is divided by 3.
0
Suppose 0*z + 2*x - 54 = -z, -3*x + 52 = z. Suppose -3*r + z = -a, 2*r - 74 = -2*r + 2*a. Calculate the remainder when 41 is divided by r.
20
Suppose 36 = -4*s + 6*s. Suppose 0 = -3*b + 16 + 14. What is the remainder when s is divided by b?
8
Let b be (2/3)/((-4)/(-12)). Suppose -q + b*f - 5*f - 3 = 0, -f = -3*q + 41. Calculate the remainder when 35 is divided by q.
11
Suppose 21 = -12*s + 13*s. What is the remainder when 83 is divided by s?
20
Suppose -24 = i + 6. Let m(v) = v - 5. Let q be m(-6). Let g = q - i. Calculate the remainder when 55 is divided by g.
17
Let o = -9 + 21. Let g(t) = -9*t + 5 + o*t - 4 + 16*t. Calculate the remainder when 38 is divided by g(1).
18
What is the remainder when 28 is divided by (-456)/(-45) + 10/(-75)?
8
Let b(x) = x**2 - x + 1. Let f(o) = o**3 + 2*o**2 - 2*o - 3. Let y(m) = 2*b(m) - f(m). Let q = 15 - 13. What is the remainder when y(0) is divided by q?
1
Calculate the remainder when 40 is divided by -5*((76/(-20) - -2) + -1).
12
Suppose -39 = -4*m + m. What is the remainder when 49 is divided by m?
10
Let u(m) = -11*m - 5. Calculate the remainder when u(-4) is divided by 14.
11
Let y be (10/(-5))/(2/15). Let h be (-45)/(-6)*(-156)/y. Suppose z = 4*z - h. Calculate the remainder when 77 is divided by z.
25
Suppose 0 = -u - 2*u + 36. Let s = 2 - -5. Calculate the remainder when 68/6 + 8/u is divided by s.
5
Let y = 16 + -15. Let h(x) = 9*x**2 - x + 1. What is the remainder when 26 is divided by h(y)?
8
Let h = 41 - -22. Let k = -44 + h. Calculate the remainder when k is divided by 7.
5
Suppose -2*x + 64 = 2*x. Suppose -x = z - 2*z. Calculate the remainder when 46 is divided by z.
14
Let o(g) = g + 5. Let t = -3 + 8. What is the remainder when 39 is divided by o(t)?
9
Suppose 3*b + 385 = 8*b. What is the remainder when b is divided by 39?
38
Let x(d) be the third derivative of -d**6/120 + 7*d**5/60 + d**4/24 + 5*d**3/6 + d**2. Calculate the remainder when 22 is divided by x(7).
10
Let g = 55 - 27. Suppose 2*p + 5*q - 37 = -7, p - 3*q - 15 = 0. Suppose 4*b - 25 = p. Calculate the remainder when g is divided by b.
8
Let t = -2 - -4. Suppose 0 = 4*m - 3*l - t, -2*l + 12 = m + 3*l. What is the remainder when m is divided by 2?
0
Let g = -1 - 2. Calculate the remainder when 25 is divided by (28 + -2)*g/(-6).
12
Suppose -3*n - 5*n + 88 = 0. What is the remainder when n is divided by 3?
2
Suppose -a = -2*z - 1, 3*z = -3*a + 5*a - 5. Calculate the remainder when a is divided by 5.
2
Suppose -4*t = -4*g - 60, 2*t + g - 4*g - 35 = 0. What is the remainder when 14 is divided by t?
4
Suppose 0 = -3*z + 2*l + 20, -z - 2 = 3*l + 6. Let x = 10 + -5. Let o = x - z. Calculate the remainder when 2 is divided by o.
0
Let s(o) = o + 6. Let k be s(-2). Let z(g) be the first derivative of -g**3/3 + 5*g**2/2 + 4*g - 2. Calculate the remainder when 15 is divided by z(k).
7
Let q(k) = 251*k**2 + 2*k + 1. Calculate the remainder when q(1) is divided by 64.
62
Let x = -2 + 4. Suppose -2*y + 10 = -4*v + 2, -2*y + x = 2*v. Calculate the remainder when 1/y*-2 + 7 is divided by 4.
2
Let q = 34 + -22. Calculate the remainder when 43 is divided by 7/((-14)/(-6)) + q.
13
Suppose 3*n = -4 - 26. Calculate the remainder when 51 is divided by (-5)/n*(28 + -2).
12
Let r be (0 - -5)*414/(-15). Let m = 256 + r. Calculate the remainder when m is divided by 30.
28
Let p = 5 - -19. What is the remainder when p is divided by 9?
6
Suppose -3*x + 110 = -5*w - 5*x, -4*x - 52 = 3*w. Let g = -14 - w. What is the remainder when 29 is divided by g?
9
Suppose 16 - 7 = 3*z. Suppose 5*b + 2 = -z. Calculate the remainder when 2 - (b + -2)*1 is divided by 4.
1
Let w = -34 + 109. Calculate the remainder when w is divided by 19.
18
Suppose 3*o - 29 = -5*b, 3*o + 7 = 4*b - 0*b. Suppose b*l = -38 + 6. Let q = -5 - l. Calculate the remainder when 6 is divided by q.
0
Suppose -3*l - 2*h + 26 = -39, -18 = -2*l + 5*h. Suppose 4 = -3*v + l. Calculate the remainder when v is divided by 2.
1
Let g = 96 - 38. Suppose -3*s = -s - g. Calculate the remainder when s is divided by 15.
14
Suppose -10 = 4*m + m. Let v be (0/1)/((-4)/m). Suppose v = -2*k + 5 + 35. Calculate the remainder when k is divided by 7.
6
Let f = -3 - -19. Calculate the remainder when 61 is divided by f.
13
Suppose f = 3*f - 110. Suppose -f + 3 = -4*a. What is the remainder when 37 is divided by a?
11
Suppose -w - 35 = -0*z - 3*z, 2*z + 4*w - 28 = 0. Let c = 21 - z. Calculate the remainder when c is divided by 4.
1
Let o(x) = -2*x**3 + 2*x**2 + 2*x - 2. Let n be o(2). Let u be (n - 1)*(-5 + 4). Suppose -2*a + u = -a. Calculate the remainder when a is divided by 3.
1
Suppose -2*o - 1 = 4*i - 5*o, 0 = 4*i - 5*o - 1. Let d be (-2 - -12)/(i + 2). Let c = d - 0. What is the remainder when c is divided by 4?
2
Suppose -3*r + 35 = -4*w - 9, -4*r + 2*w = -42. Let i = -11 - -29. Let f = i - -4. What is the remainder when f is divided by r?
6
Let j = 5 - 2. Suppose -j*f + 12 = -g, -f - 4*f + 4*g = -27. Suppose 15 = i + 2*i. What is the remainder when i is divided by f?
2
Let x = -1 - 1. Let v(k) = k. Let y(i) = -2*i - 2. Let s(r) = -5*v(r) + y(r). Calculate the remainder when 35 is divided by s(x).
11
Suppose 6*c - 10*c + 84 = 0. What is the remainder when c is divided by 6?
3
Suppose -5*b = -10*b + 305. What is the remainder when b is divided by 13?
9
Suppose t - 57 = -3*t + x, -5*x = -5*t + 60. Let j = 32 - t. Calculate the remainder when 49 is divided by j.
15
Calculate the remainder when (-2 - 1)/((-10)/210) is divided by 16.
15
Suppose 3*i - 3*f - 18 = 0, 2*f - 14 = i + 6*f. Suppose 0 = -i*c + 4*c - 12. What is the remainder when 15 is divided by c?
3
Suppose 0 = -o - 4*y + 61, 2*o - 2*y - y = 78. Calculate the remainder when o is divided by 8.
5
Suppose -5*m = -8*m + 6. Let z = -1 + 2. Let b = z - -1. What is the remainder when b is divided by m?
0
Calculate the remainder when (104/(-12))/(2/(-9)) is divided by 10.
9
Suppose 3 = 4*w - 5. Suppose -o - 4*q + 57 = w*o, 0 = -o - q + 18. Calculate the remainder when o is divided by 9.
6
Let y be 2/(-8) + (-555)/20. Let u = y + 48. Calculate the remainder when u is divided by 1*22*2/4.
9
Let n = -6 + 49. Suppose 19*i - 15*i = 60. Calculate the remainder when n is divided by i.
13
Let u(i) = i**3 + 3*i**2 - 3*i - 2. Suppose -51 = -2*d - 3*m, 2*m = d - 0*d - 29. What is the remainder when d is divided by u(-3)?
6
Let i(n) = 2*n**2 + 7*n + 1. Let r be i(-5). Calculate the remainder when -2 - -33 - (1 + -2) is divided by r - 2 - (6 + -3).
10
Suppose 5*p - 29 + 9 = 0. Suppose 1 = -a + p. Suppose 2*c - 4*k = k + a, 3*c = -k + 30. What is the remainder when 25 is divided by c?
7
Let h(z) = z**2 + 7*z - 2. Suppose -5*p = 3*c - 30, 18 = 3*p + 2*c - 6*c. Calculate the remainder when h(-9) is divided by p.
4
Suppose 0 = 5*c - 8*c + 72. What is the remainder when 44 is divided by c?
20
What is the remainder when 16 is divided by (-2)/((-4)/6) - (-1 - 2)?
4
Let s(n) be the third derivative of n**4/24 + 10*n**3/3 + 8*n**2. What is the remainder when 43 is divided by s(-8)?
7
Suppose -267 + 32 = 5*y. Let f = -23 - y. What is the remainder when 95 is divided by f?
23
What is the remainder when 13 is divided by 44/6 + (-1)/3?
6
Let u = 40 + -21. What is the remainder when 53 is divided by u?
15
Calculate the remainder when 44 is divided by ((-46)/6)/((-2)/6).
21
Suppose 14 = i + 4. What is